git of y?
1
Let f be ((-2)/(-6))/(3 + 156/(-54)). Suppose -2*d + f*q - 104 = -576, -3*d = -2*q - 718. Suppose 3*v + d = 5*v. What is the tens digit of v?
2
Let p(j) = 453*j - 667. What is the thousands digit of p(44)?
9
Let o be (-22)/44 + 15/2 + 0. Suppose -11*x = -o*x + 4. What is the units digit of (32/(-12))/(x/21)?
6
Suppose -2*f - f - 4*b - 41 = 0, 5*f + 60 = -5*b. Let o be 2 - (224/f - (-1)/(-1)). Suppose -3*s = 17 - o. What is the units digit of s?
6
Let r(o) = 3149*o - 2. Let y be r(1). Suppose 19*c = -y + 19753. What is the units digit of c?
4
Let s(u) = -u**3 - 2*u**2 + 12*u + 9. Let b be s(-4). What is the units digit of -1*(b + 9) - -516?
4
Let c = -5043 - -21786. What is the hundreds digit of c?
7
Let b(v) = -246*v - 128 - 241*v + 542*v. What is the tens digit of b(13)?
8
Suppose 3*p + 3*z + 2 = 95, 2*p - 59 = -z. Let w be 120/p + (0 - 6/21). Suppose 0*d + 121 = k + d, w*d = -k + 121. What is the units digit of k?
1
Let q be -4 - (53/(-5) - 126/(-210)). Suppose -q*w + 8988 - 2796 = 0. What is the tens digit of w?
3
Let q(x) = 3 + 5*x**2 - 4*x**3 + 0*x**3 + 9*x**3 - 4*x**3. Let v be q(-5). What is the hundreds digit of (2/5)/(v/1785)?
2
Suppose -11*k - 23865 = 26*k. Let d = 653 + k. What is the units digit of d?
8
Suppose 5 = 5*t - 20, 0 = 4*d - t - 31. Let p(j) = 8*j + 162. Let w be p(-16). Let i = d + w. What is the tens digit of i?
4
Suppose 447 + 246 = 7*i. Let x = i - 63. What is the tens digit of x?
3
Let j(h) = h**3 + 25*h**2 + 2*h + 66. What is the thousands digit of j(-20)?
2
Suppose 0 = 3*c + i + 2, 3 + 5 = -5*c - 4*i. Suppose c*p + p - 11 = -q, 5*q + 2*p - 46 = 0. What is the hundreds digit of (-2)/q - (-465)/4?
1
Let b = -632 - -849. Let u = b + -27. What is the units digit of u?
0
Suppose 0 = -42*c + 68*c - 65494. What is the units digit of c?
9
Let o be 78/(-5)*(-15)/2. Let p = o - 50. Suppose -2*c - 9 = -p. What is the tens digit of c?
2
Suppose 0 = -5*d + o - 2303 + 88941, -86632 = -5*d + 4*o. What is the thousands digit of d?
7
Let z(j) = 4*j**2 - 25*j - 38. Let x = 159 + -137. What is the thousands digit of z(x)?
1
Suppose -3136 = -5*y - 4*i + i, 3*y = -4*i + 1875. Let g = 199 + y. What is the hundreds digit of g?
8
Suppose 7*r = -6*r + 2*r. Let h be (r/7)/(0 + -1). Suppose 5*v + u = 202 + 714, 5*v - 5*u - 940 = h. What is the hundreds digit of v?
1
Let p(x) = 9*x - 18. Let a be p(8). Suppose 4*k - 4*w - 147 + 55 = 0, 2*k - a = 4*w. What is the units digit of k - 18 - (-24 + -1)?
6
Suppose -2*l = 4*b - 3*l + 785, 2*b - 2*l = -394. Let h = b - -286. Suppose -4*c + 178 = 3*j - h, 76 = j - 2*c. What is the units digit of j?
4
Let j(u) = -u**3 + 10*u**2 - 8*u - 5. Let a be j(9). Suppose a*g - 2*g - 1250 = 0. Suppose m - g = -4*m. What is the tens digit of m?
2
Suppose 16848 = -1125*j + 1152*j. What is the hundreds digit of j?
6
Let t = 1787 - 803. Let i = 1771 - t. What is the hundreds digit of i?
7
Let z be 876/21 + (-8)/(-28). Let l = z - 43. What is the tens digit of (198/(-55))/(l/5)?
1
Suppose 0 = d + 3*n - 83, -2*n + 405 = 4*d + 53. Let h = 879 - 889. Let s = d + h. What is the tens digit of s?
7
Suppose 1323446 + 1667926 = 134*d + 79*d. What is the tens digit of d?
4
What is the tens digit of 758919/9 + (-44)/(-1914)*29?
2
Let v be (-1 + -59)*1/(-3). Suppose 29*k - 27*k = v. Suppose 5*o - 120 = -k*o. What is the units digit of o?
8
Suppose 345*m - 48*m - 11906659 = 7279541. What is the hundreds digit of m?
6
Suppose -363879 - 37566 = -45*z. What is the thousands digit of z?
8
Let x = 15004 - 8651. What is the units digit of x?
3
Let y = 44 - 42. Suppose 10 = g - 5*f, 5*g - y*f = 3*f - 10. What is the units digit of (-303)/(-4) - g/20?
6
Let d be (-40)/(-140) + 1438/14. Suppose -d = g + 61. What is the units digit of g/(3 - 4 - 1)?
2
Let c = 11092 + -3990. What is the units digit of c?
2
Let a(t) = t**3 - 3*t**2 - 8*t + 56. Let y be a(12). Let i = -798 + y. What is the hundreds digit of i?
4
Let u(c) = 2*c**2 - 30*c - 55. Let p be u(22). Let v(m) = 189 - p + 119 - 8*m. What is the units digit of v(-13)?
9
Let f be (-18)/45 + (-4)/(-10). Suppose 2*b + 10*b - 5052 = f. What is the tens digit of b?
2
Suppose -4*o - 3*b = 1484 + 3977, -4*b + 6865 = -5*o. Let d = -462 - o. What is the tens digit of d?
0
Let w(v) = -v**3 + 15*v**2 + 9*v - 9. Let l be w(11). Suppose 2*m = l + 62. What is the hundreds digit of m?
3
Let h(v) be the third derivative of v**5/20 + v**4/4 + 7*v**3/6 - v**2. Let w be 4 - (1 - (3 + -12)). What is the tens digit of h(w)?
7
What is the units digit of 44398/8 - (7 + (-75)/12)?
9
Let s be (-352 + -2)*(-10)/(-20). Let b = s - -435. What is the hundreds digit of b?
2
Suppose -11*n = -1313 + 213. Let z = n - 51. What is the tens digit of z?
4
Let y = 15 - 4. Suppose -20*g + 3128 = 26*g. Let b = g + y. What is the tens digit of b?
7
Let f(y) = -8*y + 3. Suppose 0 = -61*t + 56*t - 535. Let a = t - -96. What is the tens digit of f(a)?
9
Let c = -9 + 35. Let v be (-32)/24*(1 + c/(-8)). Suppose 0 = v*l - 122 - 106. What is the tens digit of l?
7
Suppose -4*f - 2*f = -16296. Let h = -1706 + f. What is the tens digit of h?
1
Suppose 3*o - 28 = -4*o. Let t be o - (-4 + 4 + -488). Suppose -2 = -5*b + 13, -t = -3*x - 2*b. What is the hundreds digit of x?
1
Let y be (-3)/(-4) + (-4 - 106/(-8)). Suppose 4*t + y = -2. What is the tens digit of (73/(-3))/(t/18)?
4
Let s(g) = -7*g + 50. Let i be s(0). What is the units digit of 18 + i - (-2)/(-2)?
7
Let m(t) = -3*t**3 - 3*t**2 + 4*t - 5. Suppose 0 = -2*r - 108 + 100. What is the units digit of m(r)?
3
Suppose -525 = -9*h + 7818. Suppose 108 + h = 5*t. What is the units digit of t?
7
Let i(m) = 2*m**3 + 44*m**2 + 2. Let q be i(-22). What is the units digit of q/(-4 + 8685/2169)?
2
Let v be (-15 - 1589)/(6/(-1 + -2)). Suppose 795*k = v*k - 2527. What is the tens digit of k?
6
Let g be 0 + 3462/(-8) + (-54)/(-72). Let y(i) = -3*i**2 + 4*i + 3. Let j be y(5). What is the tens digit of (j/6)/(32/g)?
1
Let x(p) = -4*p**3 + 33*p**2 + 36*p + 2. What is the tens digit of x(-11)?
2
Let k be 1 - (-48)/(-42) - 666/(-7). Suppose -3*t - k = -335. What is the units digit of (-3)/((3/t)/(-1))?
0
Let h(o) = 6*o + 4. Let y be h(7). Let j = 5 - y. What is the tens digit of ((-2)/(-3))/(j/(-39) + -1)?
1
Let f(j) = 19*j + 21. Let u be f(-3). What is the units digit of 27/u - 267/(-4)?
6
Let w = 7544 + -3998. Suppose -9*f = -w + 252. What is the units digit of f?
6
Suppose 118*k - 300*k + 1486576 = 0. What is the thousands digit of k?
8
Let w(g) = 138*g**2 + 7*g - 41. Let y be w(-9). Suppose 27*u = 13*u + y. What is the units digit of u?
1
Suppose -j + 6 = 0, -2*t + 27*j = 26*j - 38776. What is the ten thousands digit of t?
1
Suppose -4*n - 26*u + 26779 = n, 0 = -n + u + 5300. What is the thousands digit of n?
5
Let h(t) = -t**2 - 7*t - 5. Let s be h(-5). Suppose 0 = 9*o - s*o - 8. What is the hundreds digit of (-18)/((2 + o)/(-24))?
1
Let w be -6 + (-799 - (-3 - 0)). Let n = -566 - w. What is the tens digit of n?
3
Suppose -m + 4*u + 2659 = 0, m = -0*m - 4*u + 2651. Suppose 2*b + 3*b - m = 0. What is the hundreds digit of b?
5
Suppose -5*n - o + 203239 = 8566, 5*o - 40 = 0. What is the units digit of n?
3
Let i = 181 - 180. What is the tens digit of 180*i - (-6 - -2)?
8
Suppose 278*y - 2274064 = 2458608. What is the units digit of y?
4
Let i = 5242 - 3346. Let d = i - 1348. What is the hundreds digit of d?
5
Suppose -5*b - 2*b + 28 = 0. Let f be 3/b*6 - 6/12. Suppose 3*h - 2*h - f*r - 138 = 0, 3*h + 3*r = 489. What is the units digit of h?
8
Let w be 3 - (4 - (6 + -1)). Suppose j - 1675 = -w*j. Suppose q = -3*v + 184, -3*v = 2*v - 4*q - j. What is the tens digit of v?
6
Let v(o) be the second derivative of 0 - 19*o**2 + 11/6*o**3 + 3*o. What is the units digit of v(13)?
5
Let b = 4626 + 40604. What is the hundreds digit of b?
2
Suppose 61 = -3*x + 634. What is the units digit of -2*1*x/(-1)?
2
Suppose 3*j = 5*b - 4, j = -4*b + 5*j. Let y be (-39)/6 - b/4. Let k(c) = -c**3 - 7*c**2 - 13*c - 2. What is the units digit of k(y)?
9
Let n(o) = -3*o**2 + 17*o + 2. Let d be n(5). Let f be -20*(-10 + d - (-18)/(-8)). Suppose 432 = f*q + 7*q. What is the tens digit of q?
3
Let p be 14/28 - 31/2. Let n be (0 - (-16)/(-10))*p/6. Suppose j + 5*s = -n*j + 270, -2*s - 235 = -5*j. What is the te